= f - 6. What is the units digit of f?
9
What is the units digit of (63492/(-740))/(3/(-25))?
5
Let n(f) = 18*f - 16. Let o be n(2). Let m = -25 - -27. Suppose -d - o = m*r - 201, -4*r - 493 = -3*d. What is the tens digit of d?
7
Suppose 0*i - 1126 = -5*i + 4*u, 2*u - 436 = -2*i. Suppose -217*r + 75 = -i*r. What is the tens digit of -3*(-4 - 15)*r/(-9)?
9
Let q(l) = -l**2 + 4. Let f(g) = -3*g**3 + 2*g - 1. Let m be f(1). Let s be q(m). Suppose -3*w - 9 = s, 4*w + 202 = -2*j + 4*j. What is the units digit of j?
5
Let u(o) = 8*o - 13. Let h = -148 + 80. Let f = h - -73. What is the tens digit of u(f)?
2
Suppose -156*d - 18*d = -10*d - 2545608. What is the tens digit of d?
2
Let q(z) = 898*z + 971. What is the thousands digit of q(5)?
5
Let o = -17136 + 30294. Suppose -13115 - o = -47*a. What is the units digit of a?
9
What is the thousands digit of (-2913)/(-12)*(13 - 14 - -13)?
2
Suppose -98*n + 690356 - 32814 = -1047756. What is the units digit of n?
1
What is the thousands digit of (-2350420)/1705*(-11)/2?
7
Let u be (-4 - 1)*-2*96/40. Let q = 77 + u. Let v = 190 - q. What is the tens digit of v?
8
Let o = -66 - -6299. What is the thousands digit of o?
6
Let d = 257 + -785. What is the thousands digit of (96/d + 13/11)*1553?
1
Suppose -2*c - 6*h + h + 50 = 0, 50 = 2*c + 4*h. Suppose 0 = 3*g + 351 - 336. What is the tens digit of 1045/c + (-1)/g + 0?
4
Suppose 0 = -3*q + 76*u - 77*u + 174331, -20 = -5*u. What is the ten thousands digit of q?
5
Let q(o) = 14*o + 50. Let t be q(-3). Suppose w = -t + 422. What is the tens digit of w?
1
Let k(x) = -6*x**3 + 3*x**2 - x - 9. Let j be k(-2). Suppose -j*b + 100 = -48*b. What is the units digit of b?
0
Suppose 4*w + 7 = 5*n, -13*w + 19 = 5*n - 11*w. Suppose n*y - 476 = 2*y. What is the tens digit of y?
7
What is the tens digit of 123046/55 + (12/(-10) - -2)?
3
Suppose -5*n + 3*n = 4*f - 610, -4*f = n - 303. Suppose 3*b - 1930 = -n. What is the hundreds digit of b?
5
Let f be (39/6)/(4/(-16)). Let l = f + -110. Let u = l + 224. What is the tens digit of u?
8
Let c(d) = d + 13. Let n be c(-16). Let x(p) = -84*p + 101. What is the units digit of x(n)?
3
Let w = -1359 + 12901. What is the hundreds digit of w?
5
Suppose 0 = -4*g - 0*g - 12, i - g = 85. Let m(h) = i*h**3 + 7*h + 2*h**2 + 2*h**2 - 83*h**3 - 7. What is the units digit of m(5)?
3
Let b be (15/9 - 2)*3. What is the tens digit of (-1)/((b/4)/(30327/132))?
1
Let o = -64 - -67. Suppose -s - 3 = 4*h, -h - o = -1. Suppose -5*a + 34 = -3*r, 0 = -s*a + 5*r + 8 + 32. What is the units digit of a?
5
Let r be (-2)/(3/(-72)*3). Suppose -d - r = -14. What is the hundreds digit of (119/d - 1)*(-3 - -1)?
1
Let t = 491 + 499. Suppose 10 - t = -4*c. What is the tens digit of c?
4
Let j(v) = -v**2 + 3*v**3 + 15 - 12*v**3 + 11*v + 8*v**3. Let h be j(-6). Let l = 185 - h. What is the units digit of l?
6
Suppose 4310 = -3*j + 4*t + 69770, -5*t - 87278 = -4*j. What is the tens digit of j?
1
Let b(m) = 2*m**2 + 12*m + 6. Let p be b(-7). Suppose 8*q - p = 12*q. Let u(j) = -j**3 - 3*j**2 + 6*j + 4. What is the units digit of u(q)?
4
Let o = -44602 - -69466. What is the thousands digit of o?
4
Suppose 10*y = 7*y. Let x(l) = 7*l + 2*l**2 - 14 + y*l**2 + l**3 - 4*l**2. What is the tens digit of x(6)?
7
Let s(j) = 43*j**2 + 40*j - 16. Let q(b) = 29*b**2 + 27*b - 10. Let n(f) = -7*q(f) + 5*s(f). What is the units digit of n(-6)?
6
Suppose 2*w = -5*q + 143012, -5*q - 513*w + 143004 = -509*w. What is the units digit of q?
4
Suppose 14*n + 1871 = 5*g - 4773, -2*g + 2653 = -n. What is the hundreds digit of g?
3
Suppose -5*x + 3*d + 11 = 0, -4*d - 8 = 4*x - 9*x. Suppose x*v = 11 + 9. Suppose -713 = -5*t + 3*c, 0*t = 2*t - v*c - 270. What is the units digit of t?
5
Let l(b) = 1227*b - 12937. What is the ten thousands digit of l(56)?
5
Suppose 52*u - 138273 = 91671. What is the units digit of u?
2
Let q be ((-36)/(-45))/((-2)/(-5)). Let b be (15/q)/(0 + (-4)/(-8)). Let v(n) = -n + 35. What is the units digit of v(b)?
0
Let w = 94 - 80. Let a be w/28 - (-769)/2. Suppose -5*o + 4*l = 42 - a, -2*l + 6 = 0. What is the units digit of o?
1
Let q = -112 + 115. Suppose 0 = 3*f + 5*y - 4, 3*f + 2*y = 4 + q. Suppose 0 = 3*x - f*k - 126, -2*k + 2 = 12. What is the units digit of x?
7
What is the ten thousands digit of (6158*15/12)/(11*(-9)/(-396))?
3
Let x(v) = -v**3 + 7*v**2 + 5*v - 1. Let n be x(7). Suppose -n*p = -39*p + 280. What is the units digit of ((-14)/p)/((-1)/8)?
2
Let l = 4574 - 2255. Suppose -l = -3*k - 3*m + 6*m, -16 = -4*m. Suppose -s = 6*s - k. What is the tens digit of s?
1
Let i(x) = -2*x**2 - 66*x + 44. Let l be i(-33). Suppose 1082 = 4*o - u + l, -526 = -2*o - 3*u. What is the units digit of o?
0
Let u = 228 + -218. Suppose 627 + 693 = u*a. What is the tens digit of a?
3
Suppose -7 = j, 7*h - 8*h = -j - 8141. What is the units digit of h?
4
Let v = 18330 - 9205. What is the units digit of v?
5
Suppose 576*k - 569*k = 20818. What is the hundreds digit of k?
9
Let h(c) = 3*c - 18. Let v be h(8). Let q be (2 + -15 + 3)/(v/948). What is the units digit of ((-1)/(5/2))/(4/q)?
8
Let v = 5325 + 7119. What is the tens digit of v?
4
Let w = -141 + 157. Suppose w*i - 1780 = 12*i. What is the hundreds digit of i?
4
Let q be (-54)/(-12)*32/12. Suppose -14*z = -q*z - 1350. Suppose -506 = -4*b - 2*i, 4*i + z = 5*b + 36. What is the tens digit of b?
2
Let r(u) = 2*u**3 - 5*u**2 - 5*u - 18. Let w be r(-6). Let i = 1464 + w. What is the units digit of i?
4
Let a(v) = v**2 + 5*v + 2. Let w(y) = 3*y + 2. Suppose -c + 8 = -3*c. Let q be w(c). What is the units digit of a(q)?
2
Let a be (7 + 65/(-10))/(1/22). Suppose a*m = 14220 - 3605. What is the tens digit of m?
6
Let j = 71892 - 45226. What is the units digit of j?
6
Let g = -5281 + 23341. What is the units digit of g?
0
Let p be -3 + -1 - (-7)/((-42)/30). What is the hundreds digit of (-2 + 48/10)/(p/(-720))?
2
What is the units digit of ((-26)/(-5))/(-19 + 1541312/81120)?
2
Let m(w) = -w**3 + 27*w**2 + 19*w + 33. Let t = 410 + -385. What is the tens digit of m(t)?
5
Let g be 28/6 + (-1)/(-3). Suppose -g*w = -0*w - 115. Suppose k - 2*y = w + 40, -5*y = -10. What is the tens digit of k?
6
Let o = 9 - 15. Let z(k) = 2*k**3 + 13*k**2 + 8*k + 9. Let r be z(-6). What is the tens digit of 4/o + (-44)/r?
1
Let l(u) be the first derivative of 2*u**3/3 + 5*u**2 + 14*u + 43. Let h be l(-3). What is the units digit of -15*(-64)/12 - h?
8
Suppose 5*f = 4*f + 3*z + 273, -z - 1070 = -4*f. Suppose 4*k - 165 = f. What is the hundreds digit of 1/(2/8) + k?
1
What is the hundreds digit of (10/10)/(1/7922)?
9
Let i be (-8 - -8)*(-2)/4. Suppose -135 = 9*a - i*a. What is the hundreds digit of (-2139)/a - (-6)/(-10)?
1
Suppose -3*u = 2*u + 3*u - 79424. What is the thousands digit of u?
9
Let n be (4 + -9 + 5 + 534)*3. Suppose 5*i - n = 1508. What is the hundreds digit of i?
6
Let z be -174*(-178)/4 + 7. Suppose 13*c - 11620 = z. What is the hundreds digit of c?
4
Let h be 6 - 25/(-15)*6. What is the units digit of 3622/h + 60/(-160)?
6
Suppose -3*r + 20 = 2*r. Suppose 5*c = -0*p - p + 5, r*p = c - 1. Suppose 0 = -2*g - 10, 5*i - 5*g = -p*i + 65. What is the units digit of i?
8
Let m = 208 - 117. Suppose 3*h = -2*q + m, -4*h - 2 = 5*q - 128. What is the hundreds digit of h*(-2 - 3)*-1?
1
Let n = 18 + -15. Suppose -59 = -3*h - f + 2*f, -n*h + 2*f = -55. Suppose l - h = -v, 4*v + 25 - 125 = 4*l. What is the tens digit of v?
2
Suppose -f + 1006 = 21*u - 20*u, -2*u + 2*f + 2012 = 0. Let c = -223 + u. What is the units digit of c?
3
Suppose -607*y + 646*y - 99567 = 0. What is the tens digit of y?
5
Suppose d - 2 = 2*d + 3*h, 4*d - 5*h + 25 = 0. Let g(p) = 6*p**3 + 10*p**2 - 12*p - 6. Let v be g(d). Let x = -304 - v. What is the units digit of x?
2
Let k = 277 + 1027. Suppose -2*d = -6*d + k. What is the tens digit of d?
2
Let z = 26362 + -16155. What is the tens digit of z?
0
Suppose -4*x + 4048 = -2*y + y, -3*y = 0. Suppose 0 = 5*r - 5*i - 1215 - 70, 0 = -4*r - 4*i + x. Let g = r - 38. What is the units digit of g?
7
Suppose 3*f = 2*d - f - 6, 4*d = f - 2. Let y be ((-12)/14)/(d/(-2 + -5)). What is the tens digit of (y - -100) + -5 + 2?
9
Let v(l) = 113*l - 67. Let c be v(9). Suppose -16*f + 11*f - 5*y = -1225, 4*f = 2*y + c. What is the hundreds digit of f